{"id":21,"date":"2023-07-10T14:50:43","date_gmt":"2023-07-10T12:50:43","guid":{"rendered":"http:\/\/localhost:8888\/sisjon\/?page_id=18"},"modified":"2023-09-12T18:26:23","modified_gmt":"2023-09-12T16:26:23","slug":"hitta-hit","status":"publish","type":"page","link":"https:\/\/iallafall.se\/sisjon\/hitta-hit\/","title":{"rendered":"Hitta hit"},"content":{"rendered":"\n<h1 class=\"wp-block-heading\">Hitta hit<\/h1>\n\n\n\n<div class=\"wp-block-columns is-layout-flex wp-container-core-columns-is-layout-9d6595d7 wp-block-columns-is-layout-flex\">\n<div class=\"wp-block-column is-layout-flow wp-block-column-is-layout-flow\">\n<h3 class=\"wp-block-heading\">Adress<\/h3>\n\n\n\n<p>S\u00f6dra l\u00e5ngebergsgatan 26b<br>436 32 Askim<\/p>\n\n\n\n<p><a href=\"https:\/\/goo.gl\/maps\/TTsT3uqGFKxtdRY88\" target=\"_blank\" rel=\"noreferrer noopener\">Visa p\u00e5 karta<\/a><\/p>\n<\/div>\n\n\n\n<div class=\"wp-block-column is-layout-flow wp-block-column-is-layout-flow\">\n<h3 class=\"wp-block-heading\">\u00d6ppettider<\/h3>\n\n\n\n<p>M\u00e5n-fre 07-16<\/p>\n<\/div>\n\n\n\n<div class=\"wp-block-column is-layout-flow wp-block-column-is-layout-flow\">\n<figure class=\"wp-block-image size-full\"><img loading=\"lazy\" decoding=\"async\" width=\"640\" height=\"382\" src=\"https:\/\/iallafall.se\/sisjon\/wp-content\/uploads\/2023\/09\/insfart-sisjons-billack.jpg\" alt=\"\" class=\"wp-image-111\" srcset=\"https:\/\/iallafall.se\/sisjon\/wp-content\/uploads\/2023\/09\/insfart-sisjons-billack.jpg 640w, https:\/\/iallafall.se\/sisjon\/wp-content\/uploads\/2023\/09\/insfart-sisjons-billack-300x179.jpg 300w\" sizes=\"auto, (max-width: 640px) 100vw, 640px\" \/><\/figure>\n<\/div>\n<\/div>\n\n\n\n<figure class=\"wp-block-image size-full\"><img loading=\"lazy\" decoding=\"async\" width=\"1000\" height=\"750\" src=\"https:\/\/iallafall.se\/sisjon\/wp-content\/uploads\/2023\/09\/karta-sisjon.jpg\" alt=\"Karta Sisj\u00f6ns billackering\" class=\"wp-image-89\" style=\"width:100%;\" srcset=\"https:\/\/iallafall.se\/sisjon\/wp-content\/uploads\/2023\/09\/karta-sisjon.jpg 1000w, https:\/\/iallafall.se\/sisjon\/wp-content\/uploads\/2023\/09\/karta-sisjon-300x225.jpg 300w, https:\/\/iallafall.se\/sisjon\/wp-content\/uploads\/2023\/09\/karta-sisjon-768x576.jpg 768w\" sizes=\"auto, (max-width: 1000px) 100vw, 1000px\" \/><\/figure>\n","protected":false},"excerpt":{"rendered":"<p>Hitta hit Adress S\u00f6dra l\u00e5ngebergsgatan 26b436 32 Askim Visa p\u00e5 karta \u00d6ppettider M\u00e5n-fre 07-16<\/p>\n","protected":false},"author":1,"featured_media":0,"parent":0,"menu_order":0,"comment_status":"closed","ping_status":"closed","template":"","meta":{"footnotes":""},"class_list":["post-21","page","type-page","status-publish","hentry"],"acf":[],"_links":{"self":[{"href":"https:\/\/iallafall.se\/sisjon\/wp-json\/wp\/v2\/pages\/21","targetHints":{"allow":["GET"]}}],"collection":[{"href":"https:\/\/iallafall.se\/sisjon\/wp-json\/wp\/v2\/pages"}],"about":[{"href":"https:\/\/iallafall.se\/sisjon\/wp-json\/wp\/v2\/types\/page"}],"author":[{"embeddable":true,"href":"https:\/\/iallafall.se\/sisjon\/wp-json\/wp\/v2\/users\/1"}],"replies":[{"embeddable":true,"href":"https:\/\/iallafall.se\/sisjon\/wp-json\/wp\/v2\/comments?post=21"}],"version-history":[{"count":9,"href":"https:\/\/iallafall.se\/sisjon\/wp-json\/wp\/v2\/pages\/21\/revisions"}],"predecessor-version":[{"id":115,"href":"https:\/\/iallafall.se\/sisjon\/wp-json\/wp\/v2\/pages\/21\/revisions\/115"}],"wp:attachment":[{"href":"https:\/\/iallafall.se\/sisjon\/wp-json\/wp\/v2\/media?parent=21"}],"curies":[{"name":"wp","href":"https:\/\/api.w.org\/{rel}","templated":true}]}}