{"id":26,"date":"2023-07-10T14:52:30","date_gmt":"2023-07-10T12:52:30","guid":{"rendered":"http:\/\/localhost:8888\/sisjon\/?page_id=26"},"modified":"2023-09-04T20:44:35","modified_gmt":"2023-09-04T18:44:35","slug":"skadeguide","status":"publish","type":"page","link":"https:\/\/iallafall.se\/sisjon\/skadeguide\/","title":{"rendered":"Skadeguide"},"content":{"rendered":"\n<div class=\"wp-block-columns is-layout-flex wp-container-core-columns-is-layout-9d6595d7 wp-block-columns-is-layout-flex\">\n<div class=\"wp-block-column is-layout-flow wp-block-column-is-layout-flow\">\n<h1 class=\"wp-block-heading\">Skadeguide<\/h1>\n\n\n\n<p><strong>Steg 1:<\/strong> Kontakta ditt f\u00f6rs\u00e4kringsbolag. F\u00f6r att kunna skadebesikta bilen beh\u00f6vs ett skade nr.<\/p>\n\n\n\n<p><strong>Steg 2:<\/strong> Kom f\u00f6rbi p\u00e5 en skadebesiktning, eller anv\u00e4nd fotobesiktning. H\u00e4r dokumenteras dina skador, och vi skickar in en offert till ditt f\u00f6rs\u00e4kringsbolag f\u00f6r att f\u00e5 ett godk\u00e4nnande f\u00f6r att laga bilen. Du f\u00e5r \u00e4ven ett datum d\u00e5 du skall l\u00e4mna in bilen till oss.<\/p>\n\n\n\n<p><strong>Steg 3:<\/strong> Du l\u00e4mnar in bilen p\u00e5 angivet datum. OBS! t\u00f6m bilen p\u00e5 v\u00e4rdesaker.<\/p>\n\n\n\n<p><strong>Steg 4:<\/strong> Vi kontaktar dig n\u00e4r bilen \u00e4r klar f\u00f6r h\u00e4mtning. N\u00e4r man h\u00e4mtar en nylackad bil skall man alltid vara lite varsam mot lacken i n\u00e5gra veckor, man skall absolut inte spola med h\u00f6gtryck och vi rekommenderar att du v\u00e4ntar minst 4 veckor med foliering.<\/p>\n<\/div>\n\n\n\n<div class=\"wp-block-column is-layout-flow wp-block-column-is-layout-flow\">\n<figure class=\"wp-block-image size-large\"><img loading=\"lazy\" decoding=\"async\" width=\"1024\" height=\"683\" src=\"https:\/\/iallafall.se\/sisjon\/wp-content\/uploads\/2023\/09\/Amplifyphoto__C6A9741-1024x683.jpg\" alt=\"\" class=\"wp-image-102\" srcset=\"https:\/\/iallafall.se\/sisjon\/wp-content\/uploads\/2023\/09\/Amplifyphoto__C6A9741-1024x683.jpg 1024w, https:\/\/iallafall.se\/sisjon\/wp-content\/uploads\/2023\/09\/Amplifyphoto__C6A9741-300x200.jpg 300w, https:\/\/iallafall.se\/sisjon\/wp-content\/uploads\/2023\/09\/Amplifyphoto__C6A9741-768x512.jpg 768w, https:\/\/iallafall.se\/sisjon\/wp-content\/uploads\/2023\/09\/Amplifyphoto__C6A9741-1536x1024.jpg 1536w, https:\/\/iallafall.se\/sisjon\/wp-content\/uploads\/2023\/09\/Amplifyphoto__C6A9741-2048x1366.jpg 2048w\" sizes=\"auto, (max-width: 1024px) 100vw, 1024px\" \/><\/figure>\n\n\n\n<figure class=\"wp-block-image size-large\"><img loading=\"lazy\" decoding=\"async\" width=\"1024\" height=\"683\" src=\"https:\/\/iallafall.se\/sisjon\/wp-content\/uploads\/2023\/08\/Amplifyphoto__C6A0053-1024x683.jpg\" alt=\"\" class=\"wp-image-64\" srcset=\"https:\/\/iallafall.se\/sisjon\/wp-content\/uploads\/2023\/08\/Amplifyphoto__C6A0053-1024x683.jpg 1024w, https:\/\/iallafall.se\/sisjon\/wp-content\/uploads\/2023\/08\/Amplifyphoto__C6A0053-300x200.jpg 300w, https:\/\/iallafall.se\/sisjon\/wp-content\/uploads\/2023\/08\/Amplifyphoto__C6A0053-768x512.jpg 768w, https:\/\/iallafall.se\/sisjon\/wp-content\/uploads\/2023\/08\/Amplifyphoto__C6A0053-1536x1024.jpg 1536w, https:\/\/iallafall.se\/sisjon\/wp-content\/uploads\/2023\/08\/Amplifyphoto__C6A0053-2048x1366.jpg 2048w\" sizes=\"auto, (max-width: 1024px) 100vw, 1024px\" \/><\/figure>\n<\/div>\n<\/div>\n","protected":false},"excerpt":{"rendered":"<p>Skadeguide Steg 1: Kontakta ditt f\u00f6rs\u00e4kringsbolag. F\u00f6r att kunna skadebesikta bilen beh\u00f6vs ett skade nr. Steg 2: Kom f\u00f6rbi p\u00e5 en skadebesiktning, eller anv\u00e4nd fotobesiktning. H\u00e4r dokumenteras dina skador, och vi skickar in en offert till ditt f\u00f6rs\u00e4kringsbolag f\u00f6r att f\u00e5 ett godk\u00e4nnande f\u00f6r att laga bilen. Du f\u00e5r \u00e4ven ett datum d\u00e5 du skall [&hellip;]<\/p>\n","protected":false},"author":1,"featured_media":0,"parent":0,"menu_order":0,"comment_status":"closed","ping_status":"closed","template":"","meta":{"footnotes":""},"class_list":["post-26","page","type-page","status-publish","hentry"],"acf":[],"_links":{"self":[{"href":"https:\/\/iallafall.se\/sisjon\/wp-json\/wp\/v2\/pages\/26","targetHints":{"allow":["GET"]}}],"collection":[{"href":"https:\/\/iallafall.se\/sisjon\/wp-json\/wp\/v2\/pages"}],"about":[{"href":"https:\/\/iallafall.se\/sisjon\/wp-json\/wp\/v2\/types\/page"}],"author":[{"embeddable":true,"href":"https:\/\/iallafall.se\/sisjon\/wp-json\/wp\/v2\/users\/1"}],"replies":[{"embeddable":true,"href":"https:\/\/iallafall.se\/sisjon\/wp-json\/wp\/v2\/comments?post=26"}],"version-history":[{"count":4,"href":"https:\/\/iallafall.se\/sisjon\/wp-json\/wp\/v2\/pages\/26\/revisions"}],"predecessor-version":[{"id":103,"href":"https:\/\/iallafall.se\/sisjon\/wp-json\/wp\/v2\/pages\/26\/revisions\/103"}],"wp:attachment":[{"href":"https:\/\/iallafall.se\/sisjon\/wp-json\/wp\/v2\/media?parent=26"}],"curies":[{"name":"wp","href":"https:\/\/api.w.org\/{rel}","templated":true}]}}